{"id":3292,"date":"2025-09-10T11:47:58","date_gmt":"2025-09-10T17:47:58","guid":{"rendered":"https:\/\/www.thermosolutionsgroup.com\/?post_type=product&#038;p=3292"},"modified":"2025-09-10T11:48:43","modified_gmt":"2025-09-10T17:48:43","slug":"rinnai-reu-16p","status":"publish","type":"product","link":"https:\/\/www.thermosolutionsgroup.com\/eng\/product\/rinnai-reu-16p\/","title":{"rendered":"Rinnai &#8211; REU 16P"},"content":{"rendered":"","protected":false},"excerpt":{"rendered":"<p>Calentador de paso a gas de mayor capacidad para familias que necesitan m\u00e1s caudal sin perder eficiencia. Proporciona agua caliente constante en varios puntos a la vez con operaci\u00f3n pr\u00e1ctica y confiable.<br data-start=\"585\" data-end=\"588\" \/><strong data-start=\"588\" data-end=\"603\">Ideal para:<\/strong> hogares medianos a grandes con varias duchas en uso.<\/p>\n<p><a style=\"color: #e20000; text-decoration: underline; font-weight: bold;\" href=\"https:\/\/www.thermosolutionsgroup.com\/wp-content\/uploads\/2025\/09\/Ficha-Comercial-Rinnai-REU-16-P.pdf\"><br \/>\n&gt; Ver Ficha Comercial Rinnai REU 16P<br \/>\n<\/a><\/p>","protected":false},"featured_media":3289,"comment_status":"open","ping_status":"closed","template":"","meta":[],"product_brand":[],"product_cat":[19,16,68],"product_tag":[],"class_list":{"0":"post-3292","1":"product","2":"type-product","3":"status-publish","4":"has-post-thumbnail","6":"product_cat-calen_paso","7":"product_cat-calen_agua","8":"product_cat-rinnai","10":"first","11":"instock","12":"shipping-taxable","13":"product-type-simple"},"_links":{"self":[{"href":"https:\/\/www.thermosolutionsgroup.com\/eng\/wp-json\/wp\/v2\/product\/3292","targetHints":{"allow":["GET"]}}],"collection":[{"href":"https:\/\/www.thermosolutionsgroup.com\/eng\/wp-json\/wp\/v2\/product"}],"about":[{"href":"https:\/\/www.thermosolutionsgroup.com\/eng\/wp-json\/wp\/v2\/types\/product"}],"replies":[{"embeddable":true,"href":"https:\/\/www.thermosolutionsgroup.com\/eng\/wp-json\/wp\/v2\/comments?post=3292"}],"wp:featuredmedia":[{"embeddable":true,"href":"https:\/\/www.thermosolutionsgroup.com\/eng\/wp-json\/wp\/v2\/media\/3289"}],"wp:attachment":[{"href":"https:\/\/www.thermosolutionsgroup.com\/eng\/wp-json\/wp\/v2\/media?parent=3292"}],"wp:term":[{"taxonomy":"product_brand","embeddable":true,"href":"https:\/\/www.thermosolutionsgroup.com\/eng\/wp-json\/wp\/v2\/product_brand?post=3292"},{"taxonomy":"product_cat","embeddable":true,"href":"https:\/\/www.thermosolutionsgroup.com\/eng\/wp-json\/wp\/v2\/product_cat?post=3292"},{"taxonomy":"product_tag","embeddable":true,"href":"https:\/\/www.thermosolutionsgroup.com\/eng\/wp-json\/wp\/v2\/product_tag?post=3292"}],"curies":[{"name":"wp","href":"https:\/\/api.w.org\/{rel}","templated":true}]}}